ime factors of s?
2, 3, 5, 7
Let t = 54 - 83. Let o = t + 32. List the prime factors of o.
3
Suppose -28*f + 21*f = -4424. List the prime factors of f.
2, 79
Suppose -4*d = h - 696, 11*h - 2052 = 8*h - 3*d. What are the prime factors of h?
2, 5, 17
Let v = 55 - 53. What are the prime factors of v*(1 + 556/8)?
3, 47
Suppose 10*m - 9652 = 5*m - 3*p, 5*m = 2*p + 9657. List the prime factors of m.
1931
Let i = -46 - -56. Suppose i*g - 17*g = -210. What are the prime factors of g?
2, 3, 5
Let q = -26 - -30. List the prime factors of 5328/45 - q/10.
2, 59
What are the prime factors of 1668/10*(-2380)/(-102)?
2, 7, 139
Suppose -x + 3 = -5. Suppose 0 = 6*t - x*t + 24. Let j(r) = r**3 - 14*r**2 + 27*r + 2. What are the prime factors of j(t)?
2, 19
Let l be ((-3)/9)/(4/132). Let i = 12 + l. Suppose 5*q - 120 = 3*u, q + 6*u - i = 2*u. What are the prime factors of q?
3, 7
Let m(g) = g**3 - 7*g**2 - 10*g. What are the prime factors of m(9)?
2, 3
Let d(b) = -b**2 + 11*b - 18. Let s be d(2). List the prime factors of (10/2 - s)*(-284)/(-10).
2, 71
Let l(i) = -2*i + 17. Suppose q + 2*m - 5 = 0, 3*q = -q + 2*m - 30. What are the prime factors of l(q)?
3
Suppose 0 = 2*j + 1 - 1. Suppose j = 4*s - s - 375. What are the prime factors of s?
5
Let w(o) = 11*o**2 - 2*o + 3. Let n be w(1). Let r = 14 - n. Suppose -5*c - r*y + 262 = 0, -c - 5*y + 250 = 4*c. List the prime factors of c.
2, 3
Let n(q) = -545*q - 753. What are the prime factors of n(-7)?
2, 1531
Suppose -6*n + 11702 - 3140 = 0. List the prime factors of n.
1427
Let y = 2 + -6. Let d be 63/14*y/3. Let s(o) = 2*o**2 + 7*o - 7. List the prime factors of s(d).
23
List the prime factors of 55/(-66)*(-666)/3.
5, 37
Let u = 11 - -11. Let h = u - -142. List the prime factors of h.
2, 41
Let g(y) = y**2 - y - 8. Let s be g(6). Let f = -20 + s. List the prime factors of f.
2
Let r(t) = 13*t**2 + t + 1. Let u = -8 + 12. Suppose -5*p + 5*w + 20 = 0, 4*p + w = -13 + u. What are the prime factors of r(p)?
13
Suppose -5*x + 244 = -276. Suppose 2*p - 5*w = 119, 4*w = -p - 12 + x. List the prime factors of p.
2, 3
Let l be ((-2)/(-4))/((-2)/8). Let q = -148 + 151. What are the prime factors of ((-8)/l - q)*13?
13
Let a be 2/((-2)/(-3)) + 0. Suppose -a*i + 144 = -189. What are the prime factors of i?
3, 37
Suppose 5*a + 7 = -4*k, 4*k + a + 11 + 16 = 0. Let o be 46/k*(-52)/13. Let c = -2 + o. What are the prime factors of c?
3, 7
Let o(f) = -2*f + 16. Let c be o(7). Suppose 104 = c*r + 3*g, 2*r = -5*g - 16 + 128. List the prime factors of r.
2, 23
Suppose 5*y - 2*k = 7551, -41*k - 1505 = -y - 38*k. List the prime factors of y.
1511
Let i(w) = 7*w**2 + 3*w - 3. Let o(h) = -h**3 - 7*h**2 + h + 7. Let r be o(-7). Suppose 2*z + r*z = 4. List the prime factors of i(z).
31
List the prime factors of (-16)/12 - 3328/(-3).
2, 277
Suppose -34*z + 36438 = 7810. List the prime factors of z.
2, 421
Let g = -36 + 42. Suppose 2*w + 208 = g*w. List the prime factors of w.
2, 13
Let i(a) = 1489*a - 137. What are the prime factors of i(2)?
3, 947
Let h be 213/18 + (-2)/(-12). Suppose -f - 3*b - h + 36 = 0, 4*b - 16 = 0. Let d = f + 13. List the prime factors of d.
5
Suppose 552 = q + 5*j, 2*q - 2*j + 1080 = 4*q. List the prime factors of q.
3, 179
Suppose 0 = 2*m + 4*f - 10, 7 = 3*m - 0*f - 2*f. Suppose -209 = -m*z - 4*n + 30, -2*n + 229 = 3*z. What are the prime factors of z?
73
Let p = 1865 + -1215. What are the prime factors of p?
2, 5, 13
Suppose 0 = -2*v - 2*v. Suppose 5*y + 36 - 7 = 3*d, -3*y - 4*d = v. List the prime factors of 10/20 + (-262)/y.
2, 3, 11
Let a(t) = -78*t. Let d be a(-1). Let l be ((-5)/3)/((-1)/d). Suppose -i - l = -3*z, -4*i + 0*i = -2*z + 100. What are the prime factors of z?
2, 3, 7
Let w = 777 - 405. What are the prime factors of w?
2, 3, 31
Let v(y) = -y**2 + 102. Let m be v(0). Suppose -4*a + 138 = -a - 2*l, m = 2*a + 2*l. What are the prime factors of a?
2, 3
Let f(s) = -s**2 + 2*s + 2. Let c be f(2). Suppose -35 - 39 = -c*p. What are the prime factors of p?
37
Let h(b) = 187*b + 23. List the prime factors of h(2).
397
Let m(d) be the first derivative of -41*d**2 - 6*d - 10. What are the prime factors of m(-2)?
2, 79
Suppose 0 = -2*n + 5*n - 660. Suppose n = -0*j + 2*j. List the prime factors of j.
2, 5, 11
Let a be -5*(3 - 0)/1. Let l(z) = -z + 1. Let v(u) = 18*u + 3. Let m(r) = -15*l(r) - v(r). What are the prime factors of m(a)?
3
Let y = 11 + -9. Suppose p - 185 = 2*r, -y*r + 370 = 2*p + 3*r. What are the prime factors of p?
5, 37
Let l be ((-12)/10)/((-4)/50). Let m be (-60)/l - 1*-7. Suppose m*v = -3*v + 312. List the prime factors of v.
2, 13
Let i = -20 + 23. Suppose -6*h + i*h - 24 = -2*t, 0 = t - 3*h - 12. List the prime factors of t.
2, 3
Suppose 10*p + 12 - 702 = 0. Suppose -m + 3*x + p + 145 = 0, -2*m + 4*x + 430 = 0. What are the prime factors of m?
7, 31
Let i = -534 - -1000. List the prime factors of i.
2, 233
Suppose -14*o = -9*o + 150. What are the prime factors of (((-84)/o)/7)/((-3)/(-1800))?
2, 3, 5
Let n(q) be the second derivative of -q**5/20 - 3*q**4/4 - 2*q**3/3 + 2*q**2 + q. List the prime factors of n(-9).
2, 5
Suppose o + o - 2 = 0. Let d = o - -1. What are the prime factors of (-1)/((-1)/(3 + d))?
5
Suppose 6*n - 5140 = 6560. What are the prime factors of n?
2, 3, 5, 13
Suppose 5*d - 611 = -5*i + 934, 0 = -5*i + 5*d + 1575. What are the prime factors of i?
2, 3, 13
Let o = 442 + 689. List the prime factors of o.
3, 13, 29
Suppose 0 = 5*l - 2*v - 74, l - 3*l + 32 = -2*v. Let u = l - 27. Let j = u - -19. What are the prime factors of j?
2, 3
Suppose 0 = 4*p + 3*x + 1 - 21, 3*p - 10 = -x. Suppose 3*r - p*h = 3*h + 386, -4*r + h + 543 = 0. What are the prime factors of r?
137
Let n be 1211/7*(-1)/(-1). What are the prime factors of n + -12 + (-3 - -1)?
3, 53
Let x(r) = r**3 + 24*r**2 + 44*r + 5. Suppose -5*b - b = 132. List the prime factors of x(b).
5
Let f = 608 - 286. Let x = f + -230. Suppose x = 3*y - y. List the prime factors of y.
2, 23
Let x(m) = -m + 4. Let w be x(6). Let j be (168/(-20))/(w/(-15)). Let b = 114 + j. What are the prime factors of b?
3, 17
Let q = 624 + -215. List the prime factors of q.
409
Let h(c) = 9*c. Let w be h(1). Let b be (-3 - 0)*(-39)/w. Let n = b + -8. List the prime factors of n.
5
Let d = 180 + -115. Suppose -2*q + 46 = -2*f, 4*q + 5*f - d = -0*f. Suppose 0 = 4*x - q. List the prime factors of x.
5
Let v = 1783 + -773. Suppose 5*q - 274 = -c, -5*c - 5*q + 360 + v = 0. What are the prime factors of c?
2, 137
Let b(f) = 2*f + 7. Let y be b(0). Let d(k) = 10*k - y - 34*k**2 - 33*k**2 + 66*k**2. What are the prime factors of d(9)?
2
Let z(b) = b**3 + 2*b**2 + 44*b - 6. List the prime factors of z(11).
7, 293
Let h(a) = -2*a - 1. Let w be h(-2). Suppose w*q + 6 = -3*z - 3, 33 = -3*q + 5*z. List the prime factors of (16/6)/((-1)/q).
2
Suppose -3*z + 12*i = 16*i - 4697, 0 = 4*z + i - 6254. List the prime factors of z.
3, 521
Suppose -2*t = t - 96. Let o = t + -84. Let x = 74 + o. What are the prime factors of x?
2, 11
Suppose 0 = -3*y + 131 - 44. Suppose s - y = -0. What are the prime factors of s?
29
Suppose -4 = 2*j - 2*w - 12, -j + 8 = -3*w. Let x = 4 - j. Suppose -15 = -3*p - 3*u, -4*p = x*u + 12 - 36. What are the prime factors of p?
7
Let k = 1316 + -1163. What are the prime factors of k?
3, 17
Let u(w) = -w**2 + 2*w + 1. Let i be u(3). Let o(d) = -7*d**2 - 1. Let m(x) = 8*x**2 + 1. Let r(s) = -4*m(s) - 5*o(s). List the prime factors of r(i).
13
Suppose g + 25 = 6*g, -4*l = -4*g + 20. Let y(a) = 5*a + 10 - 15 - 6*a + 64. What are the prime factors of y(l)?
59
Let u(o) = 3*o - 2. Let z be u(2). Let v = 70 + -66. Suppose -z*c + 110 = 4*n - 2*n, v*n - c = 184. What are the prime factors of n?
47
What are the prime factors of (-1)/1 + (-5)/((-55)/3982)?
19
Let r(x) = x**3 + 3*x - 165. Let u be r(0). Let j = 219 + u. What are the prime factors of j?
2, 3
Suppose -56611 - 22637 = -16*c. What are the prime factors of c?
3, 13, 127
Let l(s) = s**2 - 7*s - 11. Let q be l(9). Let f = 11 - q. Suppose -2*v - 116 = -4*r, 5*r = -f*v + 97 + 35. What are the prime factors of r?
2, 7
Let c = -6 - -8. Suppose 4*x - 2*w = 218, 5*x - c = 5*w + 263. Let j = -39 + x. What are the prime factors of j?
17
Let f(q) = -4*q + 3*q - q - 2 - q. Let c be f(-2). Suppose c*h 